{"id":614,"date":"2025-11-24T09:25:50","date_gmt":"2025-11-24T08:25:50","guid":{"rendered":"https:\/\/organizacio.hu\/?post_type=product&#038;p=614"},"modified":"2026-01-17T09:57:39","modified_gmt":"2026-01-17T08:57:39","slug":"premiummat-light-150","status":"publish","type":"product","link":"https:\/\/organizacio.hu\/index.php\/product\/premiummat-light-150\/","title":{"rendered":"PremiumMat Light 150"},"content":{"rendered":"<h3><b>PremiumMat Light 150<\/b><\/h3>\n<p>&nbsp;<\/p>\n<p data-path-to-node=\"3\">A <b>PremiumMat Light 150<\/b> 100%-ban \u00fajrahasznos\u00edtott, kis s\u0171r\u0171s\u00e9g\u0171 polietil\u00e9nb\u0151l (LDPE) k\u00e9sz\u00fcl. A mindk\u00e9t v\u00e9g\u00e9n tal\u00e1lhat\u00f3 foganty\u00faknak \u00e9s a sarkokban l\u00e9v\u0151 r\u00f6gz\u00edt\u0151furatoknak k\u00f6sz\u00f6nhet\u0151en ezek a k\u00f6nny\u0171 talajv\u00e9d\u0151 lapok egyszer\u0171en, k\u00e9zi er\u0151vel mozgathat\u00f3k \u00e9s telep\u00edthet\u0151k. Tekintse meg csatlakoz\u00e1si lehet\u0151s\u00e9geink k\u00edn\u00e1lat\u00e1t!<\/p>\n<p data-path-to-node=\"4\">A fel\u00fclet k\u00e9tf\u00e9le kialak\u00edt\u00e1ssal rendelkezik \u2013 egy sima \u00e9s egy textur\u00e1lt oldallal \u2013, melyet j\u00e1rm\u0171vek \u00e9s gyalogosok sz\u00e1m\u00e1ra egyar\u00e1nt terveztek \u00e9s teszteltek.<\/p>\n<p data-path-to-node=\"5\"><b>M\u0171szaki adatok:<\/b><\/p>\n<ul data-path-to-node=\"6\">\n<li>\n<p data-path-to-node=\"6,0,0\"><b>Vastags\u00e1g (mint\u00e1zattal egy\u00fctt):<\/b> 12mm (11+1mm).<\/p>\n<\/li>\n<li>\n<p data-path-to-node=\"6,1,0\"><b>Ellen\u00e1ll\u00f3s\u00e1g:<\/b> A talajv\u00e9d\u0151 lap ellen\u00e1ll a vegyszereknek, olajnak \u00e9s az UV-sug\u00e1rz\u00e1snak.<\/p>\n<\/li>\n<li>\n<p data-path-to-node=\"6,2,0\"><b>Anyag tulajdons\u00e1gok:<\/b> Nem sz\u00edvja mag\u00e1ba a nedvess\u00e9get \u00e9s pen\u00e9szmentes.<\/p>\n<\/li>\n<li>\n<p data-path-to-node=\"6,3,0\"><b>Sz\u00edn:<\/b> Standard sz\u00fcrke (sz\u00ednezetlen, \u201eterm\u00e9szetes\u201d \u00fajrahasznos\u00edtott m\u0171anyag).<\/p>\n<\/li>\n<\/ul>\n<p data-path-to-node=\"7\"><b>F\u0151bb el\u0151ny\u00f6k:<\/b> A PM Light egy k\u00f6lts\u00e9ghat\u00e9kony \u00e9s tart\u00f3s talajv\u00e9d\u0151 megold\u00e1s, amely t\u00f6k\u00e9letes alternat\u00edv\u00e1ja a r\u00e9tegelt lemezeknek (furn\u00e9rlapoknak). Rendk\u00edv\u00fcl rugalmas \u00e9s kiv\u00e1l\u00f3an alkalmazkodik a talaj egyenetlens\u00e9geihez. Sokoldal\u00fa megold\u00e1s minden projekthez, legyen sz\u00f3 ak\u00e1r hossz\u00fa, ak\u00e1r r\u00f6vid t\u00e1v\u00fa felhaszn\u00e1l\u00e1sr\u00f3l. Tov\u00e1bbi r\u00e9szletes inform\u00e1ci\u00f3k\u00e9rt tekintse meg a PremiumMat term\u00e9kcsal\u00e1dot.<\/p>\n<p data-path-to-node=\"8\"><b>100%-ban \u00fajrahasznos\u00edthat\u00f3 \u00e9s 100%-ban \u00fajrahasznos\u00edtott anyagb\u00f3l!<\/b><\/p>\n<h3><b>Felhaszn\u00e1l\u00e1si p\u00e9ld\u00e1k:<\/b><\/h3>\n<p>&nbsp;<\/p>\n<ul data-path-to-node=\"10\">\n<li>\n<p data-path-to-node=\"10,0,0\">Ideiglenes utak k\u00f6nny\u0171 \u00e9s k\u00f6zepes teherb\u00edr\u00e1s\u00fa j\u00e1rm\u0171vek, valamint gyalogosok sz\u00e1m\u00e1ra<\/p>\n<\/li>\n<li>\n<p data-path-to-node=\"10,1,0\">\u00dat\u00e9p\u00edt\u00e9s \u00e9s felvonul\u00e1si utak<\/p>\n<\/li>\n<li>\n<p data-path-to-node=\"10,2,0\">\u00c9p\u00edtkez\u00e9si padl\u00f3zat<\/p>\n<\/li>\n<li>\n<p data-path-to-node=\"10,3,0\">Fesztiv\u00e1lok \u00e9s rendezv\u00e9nyburkolatok<\/p>\n<\/li>\n<li>\n<p data-path-to-node=\"10,4,0\">Koncertek \u00e9s egy\u00e9b esem\u00e9nyek<\/p>\n<\/li>\n<li>\n<p data-path-to-node=\"10,5,0\">F\u00fcves koncertter\u00fcletek talajv\u00e9delme<\/p>\n<\/li>\n<li>\n<p data-path-to-node=\"10,6,0\">Ideiglenes kocsibehajt\u00f3k h\u00e1z\u00e9p\u00edt\u00e9shez<\/p>\n<\/li>\n<li>\n<p data-path-to-node=\"10,7,0\">Sz\u00ednpad\u00e9p\u00edt\u00e9s<\/p>\n<\/li>\n<li>\n<p data-path-to-node=\"10,8,0\">Ideiglenes j\u00e1rd\u00e1k<\/p>\n<\/li>\n<\/ul>\n<blockquote data-path-to-node=\"11\">\n<p data-path-to-node=\"11,0\"><b>Fontos figyelmeztet\u00e9s:<\/b> A teherb\u00edr\u00e1s MINDEN ESETBEN az aktu\u00e1lis talajviszonyokt\u00f3l \u00e9s az anyag fizikai korl\u00e1tait\u00f3l f\u00fcgg. K\u00e9rj\u00fck, j\u00e1rjon el k\u00f6r\u00fcltekint\u0151en.<\/p>\n<p data-path-to-node=\"11,1\">A PremiumMat Light szil\u00e1rd, s\u00edk fel\u00fcleten (p\u00e9ld\u00e1ul betonon), norm\u00e1l h\u0151m\u00e9rs\u00e9kleten (20\u00b0C) ak\u00e1r <b>10 tonn\u00e1s<\/b> terhel\u00e9st is probl\u00e9mamentesen elb\u00edr. M\u00e1s tesztek sor\u00e1n azonban egyenetlen, s\u00e1ros talajon, fagypont alatti h\u0151m\u00e9rs\u00e9kleten (-2\u00b0C) m\u00e1r <b>5 tonna alatti<\/b> nyom\u00e1sn\u00e1l is reped\u00e9sek keletkeztek az anyagon.*<\/p>\n<\/blockquote>\n","protected":false},"excerpt":{"rendered":"<p>A PremiumMat Light 150 100%-ban \u00fajrahasznos\u00edtott alacsony s\u0171r\u0171s\u00e9g\u0171 polietil\u00e9nb\u0151l (LDPE) k\u00e9sz\u00fcl, \u00e9s szil\u00e1rd, egyenletes talajon \u2013 p\u00e9ld\u00e1ul egy \u00e1tlagos, f\u0171vel bor\u00edtott kerti ter\u00fcleten tavasszal \u00e9s ny\u00e1ron \u2013 legfeljebb 10 tonn\u00e1s terhel\u00e9sre lett tesztelve.<\/p>\n","protected":false},"featured_media":473,"comment_status":"open","ping_status":"closed","template":"","meta":{"_eb_attr":""},"product_brand":[],"product_cat":[31,30],"product_tag":[63,64,62,32,66,67,61,60],"class_list":{"0":"post-614","1":"product","2":"type-product","3":"status-publish","4":"has-post-thumbnail","6":"product_cat-premiummat-light","7":"product_cat-premiummat","8":"product_tag-1-het","9":"product_tag-1-honap","10":"product_tag-1-nap","11":"product_tag-32","12":"product_tag-auto","13":"product_tag-belter","14":"product_tag-gyalogos","15":"product_tag-gyep","17":"first","18":"instock","19":"shipping-taxable","20":"product-type-simple","21":"customify-col"},"_links":{"self":[{"href":"https:\/\/organizacio.hu\/index.php\/wp-json\/wp\/v2\/product\/614","targetHints":{"allow":["GET"]}}],"collection":[{"href":"https:\/\/organizacio.hu\/index.php\/wp-json\/wp\/v2\/product"}],"about":[{"href":"https:\/\/organizacio.hu\/index.php\/wp-json\/wp\/v2\/types\/product"}],"replies":[{"embeddable":true,"href":"https:\/\/organizacio.hu\/index.php\/wp-json\/wp\/v2\/comments?post=614"}],"wp:featuredmedia":[{"embeddable":true,"href":"https:\/\/organizacio.hu\/index.php\/wp-json\/wp\/v2\/media\/473"}],"wp:attachment":[{"href":"https:\/\/organizacio.hu\/index.php\/wp-json\/wp\/v2\/media?parent=614"}],"wp:term":[{"taxonomy":"product_brand","embeddable":true,"href":"https:\/\/organizacio.hu\/index.php\/wp-json\/wp\/v2\/product_brand?post=614"},{"taxonomy":"product_cat","embeddable":true,"href":"https:\/\/organizacio.hu\/index.php\/wp-json\/wp\/v2\/product_cat?post=614"},{"taxonomy":"product_tag","embeddable":true,"href":"https:\/\/organizacio.hu\/index.php\/wp-json\/wp\/v2\/product_tag?post=614"}],"curies":[{"name":"wp","href":"https:\/\/api.w.org\/{rel}","templated":true}]}}